7062983 is divided by 204?
15
What is the remainder when 53967 is divided by 25981?
2005
What is the remainder when 2631638 is divided by 13?
9
What is the remainder when 25374573 is divided by 5074913?
8
What is the remainder when 1849381 is divided by 123285?
106
Calculate the remainder when 445182 is divided by 752.
750
What is the remainder when 5728929 is divided by 2287?
2281
Calculate the remainder when 25932537 is divided by 9.
0
What is the remainder when 811326598 is divided by 11?
5
Calculate the remainder when 3237493 is divided by 239.
238
What is the remainder when 222655 is divided by 74214?
13
What is the remainder when 1491503 is divided by 1830?
53
Calculate the remainder when 107883 is divided by 773.
436
Calculate the remainder when 35826 is divided by 68.
58
Calculate the remainder when 126505 is divided by 3820.
445
Calculate the remainder when 680881 is divided by 226434.
1579
Calculate the remainder when 76243978 is divided by 318.
298
What is the remainder when 1233481 is divided by 246643?
266
Calculate the remainder when 29784 is divided by 328.
264
What is the remainder when 1200 is divided by 1071?
129
Calculate the remainder when 653407 is divided by 130669.
62
What is the remainder when 24533203 is divided by 223029?
13
Calculate the remainder when 4210093 is divided by 193.
184
What is the remainder when 20354004 is divided by 1922?
24
What is the remainder when 220967678 is divided by 3760?
3758
What is the remainder when 6194 is divided by 702?
578
Calculate the remainder when 7348949 is divided by 2449617.
98
Calculate the remainder when 5053632 is divided by 591.
582
What is the remainder when 1491127 is divided by 87676?
635
Calculate the remainder when 1313060 is divided by 3266.
128
What is the remainder when 31483 is divided by 1145?
568
Calculate the remainder when 12407169 is divided by 296.
33
What is the remainder when 5500314 is divided by 500002?
292
What is the remainder when 286446183 is divided by 1017?
1014
What is the remainder when 49091 is divided by 24446?
199
Calculate the remainder when 39654 is divided by 573.
117
What is the remainder when 64609 is divided by 32289?
31
Calculate the remainder when 4678527 is divided by 10883.
9720
Calculate the remainder when 122083 is divided by 3488.
3
What is the remainder when 1977565 is divided by 58?
55
What is the remainder when 636738 is divided by 805?
788
Calculate the remainder when 1067542 is divided by 3535.
3507
What is the remainder when 106176 is divided by 15116?
364
Calculate the remainder when 3118498 is divided by 7.
5
What is the remainder when 235006 is divided by 5472?
5182
What is the remainder when 425447 is divided by 108?
35
What is the remainder when 4064627 is divided by 240?
227
What is the remainder when 91270 is divided by 985?
650
Calculate the remainder when 27213734 is divided by 363.
350
Calculate the remainder when 2416025 is divided by 141.
131
What is the remainder when 1413240 is divided by 4099?
3184
What is the remainder when 92016 is divided by 7066?
158
Calculate the remainder when 9554370 is divided by 452.
446
Calculate the remainder when 216141 is divided by 108033.
75
What is the remainder when 2218250 is divided by 45262?
412
What is the remainder when 66376775 is divided by 22125588?
11
What is the remainder when 8073058 is divided by 258?
238
Calculate the remainder when 11178458 is divided by 745220.
158
What is the remainder when 243180 is divided by 27001?
171
Calculate the remainder when 92237 is divided by 2935.
1252
Calculate the remainder when 17471775 is divided by 3494353.
10
What is the remainder when 415401 is divided by 103781?
277
What is the remainder when 37271383 is divided by 3388?
3383
What is the remainder when 416508 is divided by 208229?
50
Calculate the remainder when 755035 is divided by 377480.
75
Calculate the remainder when 40424 is divided by 175.
174
Calculate the remainder when 115349983 is divided by 15.
13
Calculate the remainder when 702242 is divided by 50117.
604
Calculate the remainder when 118484690 is divided by 54.
50
What is the remainder when 1701915 is divided by 9150?
15
Calculate the remainder when 29695 is divided by 29402.
293
What is the remainder when 8808673 is divided by 263?
14
Calculate the remainder when 63867831 is divided by 48.
39
Calculate the remainder when 7679015 is divided by 341.
36
Calculate the remainder when 43441973 is divided by 8.
5
Calculate the remainder when 17291544 is divided by 12467.
12282
Calculate the remainder when 3152801 is divided by 177.
77
What is the remainder when 609122 is divided by 114?
20
Calculate the remainder when 24542345 is divided by 2694.
5
What is the remainder when 48000032 is divided by 774194?
4
What is the remainder when 452645 is divided by 150868?
41
What is the remainder when 174251 is divided by 3960?
11
Calculate the remainder when 73061297 is divided by 97.
24
Calculate the remainder when 695854 is divided by 694875.
979
What is the remainder when 19109960 is divided by 39?
38
Calculate the remainder when 31067 is divided by 15291.
485
What is the remainder when 186640 is divided by 102?
82
What is the remainder when 473099 is divided by 157665?
104
Calculate the remainder when 126071 is divided by 382.
11
What is the remainder when 88924673 is divided by 468?
461
What is the remainder when 562204638 is divided by 148?
146
What is the remainder when 15740873 is divided by 6?
5
Calculate the remainder when 243071863 is divided by 133.
132
What is the remainder when 12032958 is divided by 316654?
106
What is the remainder when 4163875 is divided by 446?
19
Calculate the remainder when 1833885 is divided by 366667.
550
What is the remainder when 1170183 is divided by 62?
57
Calculate the remainder when 460670 is divided by 749.
35
What is the remainder when 849057119 is divided by 1440?
1439
What is the remainder when 24931 is divided by 5777?
1823
What is the remainder when 20025407 is divided by 941?
927
What is the remainder when 1270751 is divided by 4428?
4343
Calculate the remainder when 86697249 is divided by 2902.
2901
Calculate the remainder when 4315950 is divided by 2157948.
54
Calculate the remainder when 15952784 is divided by 324.
320
Calculate the remainder when 6725036 is divided by 8.
4
Calculate the remainder when 744129 is divided by 4301.
56
Calculate the remainder when 8493 is divided by 2746.
255
Calculate the remainder when 9861099 is divided by 57.
42
What is the remainder when 2749264 is divided by 1954?
1940
What is the remainder when 5444365 is divided by 16398?
229
What is the remainder when 39016 is divided by 856?
496
What is the remainder when 1551268 is divided by 1264?
340
Calculate the remainder when 7289 is divided by 3124.
1041
Calculate the remainder when 265882 is divided by 20447.
71
What is the remainder when 467580 is divided by 112?
92
What is the remainder when 53344 is divided by 3804?
88
What is the remainder when 27985245 is divided by 32?
29
Calculate the remainder when 74424 is divided by 8266.
30
What is the remainder when 295229506 is divided by 2562?
2560
What is the remainder when 420354 is divided by 504?
18
What is the remainder when 10343917 is divided by 3261?
25
What is the remainder when 33020797 is divided by 556?
513
What is the remainder when 997446 is divided by 219?
120
What is the remainder when 127869 is divided by 7094?
177
Calculate the remainder when 14558725 is divided by 145.
0
Calculate the remainder when 1842976 is divided by 8454.
4
Calculate the remainder when 2509109 is divided by 3819.
26
What is the remainder when 200422 is divided by 65563?
3733
Calculate the remainder when 5327037 is divided by 62.
59
Calculate the remainder when 57863967 is divided by 346.
311
Calculate the remainder when 17644 is divided by 14581.
3063
Calculate the remainder when 203203 is divided by 203181.
22
Calculate the remainder when 4414380 is divided by 66884.
36
Calculate the remainder when 24899008 is divided by 14351.
23
What is the remainder when 2181326 is divided by 1734?
1688
Calculate the remainder when 50902354 is divided by 38.
24
Calculate the remainder when 26653 is divided by 1898.
81
What is the remainder when 374704 is divided 